nd 10106883?
27
Calculate the greatest common divisor of 63567273 and 693.
231
What is the greatest common factor of 186 and 35315076?
186
Calculate the greatest common factor of 62951 and 48552.
119
Calculate the greatest common divisor of 928 and 223112.
8
What is the greatest common factor of 7 and 2178611?
1
What is the greatest common divisor of 48 and 11316972?
12
What is the highest common factor of 233716680 and 1768?
136
Calculate the highest common factor of 1520 and 420330.
10
Calculate the greatest common factor of 60 and 1576020.
60
What is the greatest common factor of 32683882 and 528?
22
Calculate the highest common factor of 829644 and 20492.
188
What is the greatest common factor of 9570 and 569514?
66
Calculate the greatest common divisor of 97960 and 118760.
40
What is the highest common divisor of 1950124936 and 248?
248
Calculate the greatest common divisor of 19791056 and 48.
16
Calculate the highest common divisor of 10101906 and 182214.
954
Calculate the greatest common factor of 1646726 and 9983.
67
What is the highest common divisor of 7071 and 817994493?
7071
Calculate the highest common divisor of 308 and 2654288.
28
What is the highest common divisor of 1732370 and 567782?
1814
Calculate the greatest common factor of 354734 and 492584.
1838
Calculate the highest common factor of 310798045 and 14085.
1565
What is the greatest common divisor of 84 and 7417641?
21
Calculate the greatest common divisor of 861 and 527427936.
861
Calculate the greatest common factor of 3803676 and 7880.
788
What is the highest common divisor of 891 and 260986?
11
What is the highest common divisor of 10069894 and 21094?
106
What is the highest common factor of 574785580 and 2710?
2710
Calculate the highest common factor of 707454069 and 104744.
13093
What is the greatest common factor of 3245132 and 524?
524
What is the highest common divisor of 884374 and 64906?
34
Calculate the highest common divisor of 3551413 and 129.
43
Calculate the highest common factor of 1220519 and 259.
37
What is the greatest common factor of 88107 and 28638?
129
Calculate the highest common divisor of 18312 and 55514136.
2616
What is the highest common factor of 427 and 42810959?
61
Calculate the greatest common factor of 1 and 797425.
1
What is the greatest common factor of 12610560 and 1600?
320
Calculate the highest common divisor of 504 and 153774.
18
What is the highest common factor of 89 and 610947353?
89
Calculate the highest common factor of 80960 and 539264.
704
What is the highest common divisor of 364 and 1505644?
28
What is the highest common factor of 56 and 15474326?
14
What is the greatest common factor of 751696 and 298232?
88
What is the highest common factor of 183470 and 157745?
35
Calculate the greatest common divisor of 635 and 82690.
5
Calculate the highest common factor of 9177 and 44184.
21
Calculate the highest common divisor of 21523403 and 1111.
1111
Calculate the greatest common factor of 1292817 and 14099.
613
Calculate the highest common divisor of 92235 and 233765415.
8385
What is the highest common factor of 92058454 and 166?
166
What is the highest common divisor of 324045 and 213750?
855
What is the highest common factor of 496082873 and 6149?
6149
What is the highest common factor of 11905 and 7895?
5
Calculate the greatest common factor of 4221 and 56973.
21
What is the greatest common factor of 1638 and 21810978?
126
Calculate the greatest common divisor of 23 and 11363058.
23
Calculate the greatest common divisor of 24446 and 1473950.
1438
What is the greatest common factor of 49 and 30173297?
7
Calculate the highest common divisor of 1974 and 2215392.
282
Calculate the highest common factor of 357 and 15655521.
357
What is the greatest common divisor of 187420 and 402940?
20
What is the greatest common factor of 90688 and 3278080?
832
Calculate the highest common factor of 136441 and 51060867.
2903
Calculate the greatest common factor of 693728 and 135584.
608
Calculate the highest common divisor of 102 and 375836.
34
Calculate the greatest common divisor of 4463436 and 60.
12
What is the greatest common factor of 376 and 2948169?
47
Calculate the highest common divisor of 28 and 6075486.
2
Calculate the highest common divisor of 13760 and 29968420.
860
Calculate the highest common factor of 5529 and 5577015.
291
What is the highest common factor of 5811 and 306852?
39
What is the highest common factor of 3844 and 17276858?
1922
Calculate the highest common divisor of 10196232 and 3636.
12
Calculate the greatest common factor of 876 and 594827214.
438
Calculate the highest common divisor of 1391056002 and 21.
21
Calculate the greatest common factor of 6977748 and 11484.
348
Calculate the highest common factor of 3390 and 8753545.
565
What is the highest common factor of 453 and 25266377?
151
Calculate the greatest common divisor of 14410448 and 949.
13
Calculate the highest common factor of 2075033 and 3597.
109
What is the highest common factor of 135 and 8400945?
15
What is the highest common factor of 6980941 and 1149?
383
Calculate the greatest common divisor of 9759850 and 1450.
50
What is the highest common divisor of 88 and 431866?
2
What is the greatest common divisor of 885 and 507677595?
885
Calculate the greatest common factor of 24284811 and 31.
31
Calculate the highest common factor of 625165100 and 2100.
700
Calculate the highest common divisor of 10814639 and 2761.
11
What is the greatest common factor of 2930990 and 1130?
10
What is the greatest common factor of 294 and 3598353?
3
Calculate the highest common divisor of 159522 and 735966.
66
Calculate the highest common factor of 133988 and 1549677.
1763
Calculate the highest common divisor of 758486626 and 6971.
6971
What is the highest common divisor of 298263 and 5058297?
6087
What is the highest common divisor of 3230833 and 834563?
8263
Calculate the highest common divisor of 920414130 and 30.
30
What is the highest common divisor of 4619584 and 8?
8
What is the highest common divisor of 1528478 and 215?
43
Calculate the highest common factor of 8 and 224951312.
8
Calculate the highest common factor of 130610 and 161690.
370
Calculate the highest common factor of 145904 and 1782.
22
What is the greatest common divisor of 442054 and 177802?
38
What is the greatest common factor of 938345178 and 53?
53
What is the highest common divisor of 19744 and 84704?
32
Calculate the greatest common divisor of 126450 and 1000800.
450
Calculate the highest common divisor of 5748360 and 4.
4
Calculate the greatest common divisor of 67164444 and 612.
36
Calculate the greatest common divisor of 128 and 32856368.
16
Calculate the greatest common factor of 43694 and 1057.
7
What is the highest common factor of 8979 and 7562289?
219
What is the greatest common divisor of 1485951 and 5289?
129
Calculate the greatest common divisor of 4644 and 860.
172
Calculate the highest common divisor of 9499258 and 6.
2
What is the greatest common divisor of 4212692 and 8?
4
Calculate the highest common factor of 48675511 and 1329.
443
What is the highest common factor of 35657949 and 8631?
411
Calculate the highest common divisor of 332406 and 9403146.
5634
What is the highest common factor of 3597229 and 98688?
257
Calculate the highest common factor of 257674295 and 670.
335
Calculate the highest common factor of 1167451 and 21564.
599
What is the greatest common factor of 749 and 21222859?
7
Calculate the greatest common factor of 31040 and 123080.
40
Calculate the highest common factor of 115243332 and 2436.
348
Calculate the highest common divisor of 7344 and 29752.
8
Calculate the highest common divisor of 72 and 1345898.
2
Calculate the highest common divisor of 48834 and 3474.
18
Calculate the greatest common factor of 56 and 41279336.
56
What is the greatest common factor of 96 and 47161824?
96
What is the greatest common divisor of 441 and 331794582?
147
Calculate the highest common divisor of 68352 and 1448208.
4272
Calculate the highest common factor of 3458 and 598754.
26
What is the greatest common factor of 870752 and 3616?
32
Calculate the highest common divisor of 48432502 and 8942.
526
Calculate the highest common divisor of 13530 and 46035.
165
What is the 